et b be z(r). What is the highest common factor of 27 and b?
9
Suppose -3*t = -10 + 1. Let y(o) = o**3 + 8*o**2 - 12*o - 24. Let q be y(-9). Calculate the greatest common factor of q and t.
3
Suppose -5*j = -11 - 79. Let i be (0/(-6) + 0)/(-4*1). Suppose 0 = 4*x - i*x - 24. Calculate the greatest common factor of j and x.
6
Suppose 5*p - 308 = 4*b, -4*b + 2 = -5*b. Suppose 0 = -4*g - 0*g + p. Let t = 3 - -12. Calculate the highest common factor of g and t.
15
Let o(p) = -2*p**3 - 18*p**2 - 7*p - 6. Let v be o(-10). Let y be 3/6*2*3. Let n be 22 + (-3)/(y/(-2)). Calculate the greatest common divisor of v and n.
24
Let z be 3 - (-1 - 0)/1. Suppose 0 = -z*j + 3*j + 30. Let w = 85 - j. Calculate the highest common divisor of 5 and w.
5
Suppose 0 = -4*t - 17 + 117. Suppose 0*f + 30 = 3*f. What is the highest common factor of t and f?
5
Let g = -7 + 8. Let b be 0 + (-6)/(-3) + g. Suppose b*l - 111 = -27. Calculate the highest common factor of l and 7.
7
Suppose -3*j - 5*d = -75, -4*d = 3*j + 2 - 77. Let n be (-5)/(j/(-10)) + 0. What is the highest common divisor of 22 and n?
2
Suppose 3*u - q - 1108 = -2*u, u - 3*q = 230. Calculate the greatest common divisor of 17 and u.
17
Suppose -4*p - 5 = p. Let u be (p - -62)*(-2)/(-2). Suppose u = 2*s - 41. Calculate the greatest common factor of 34 and s.
17
Suppose 3 = a + 7. Let j be -3*(-1 - a/12). Let x be 1/j - (-583)/22. Calculate the greatest common divisor of x and 297.
27
Suppose -l + 11 = -26. Let m = l - 13. Calculate the greatest common divisor of m and 16.
8
Suppose 0 - 5 = -5*s. Let t be 20/3*(s - -2). Suppose 3*p - 63 = 57. What is the greatest common divisor of p and t?
20
Let v = 691 - 670. Calculate the highest common factor of v and 987.
21
Suppose 0 = -2*q - 3*m - 2 + 5, -m + 22 = 3*q. Let h = q - 5. Suppose -2*v - 3*v = -30. Calculate the greatest common divisor of h and v.
2
Let i be 7392/56 - -4*(-1)/1. Let c = i - 102. Let r be (-1)/((-25)/(-13) - 2). Calculate the highest common factor of c and r.
13
Suppose -7*a + 142 + 10610 = 0. Calculate the highest common factor of 24 and a.
24
Let r = -3 - -6. Suppose 0 = 4*b + 2*f - 90, b - 6*b + 5*f + 90 = 0. Suppose 0 = -2*l + b - 15. What is the highest common divisor of l and r?
3
Let l(c) = 2*c**3 - 2*c**2 - 2*c + 69. Let i be l(0). What is the greatest common divisor of 253 and i?
23
Suppose q + 5*a - 213 = 0, -3*q + q - 5*a + 451 = 0. Calculate the greatest common factor of 14 and q.
14
Let u(v) = -2*v**3 + v**2 + 8*v - 2. Let s be u(-4). Let r be ((-176)/(-10))/(-2)*-5. Calculate the greatest common factor of s and r.
22
Let h = -1135 + 1211. What is the highest common factor of 988 and h?
76
Suppose 4*j - 160 = -4*j. Suppose -85 - 615 = -5*w. Calculate the highest common factor of w and j.
20
Let q = 274 - 164. Let l = q - 30. Calculate the highest common factor of l and 20.
20
Suppose 0 = 3*k - 4*x - 9, 4*k + 5*x - 9*x = 12. Let m be -1 - 0/1 - -34. What is the greatest common factor of m and k?
3
Suppose -35*w + 53*w - 1404 = 0. Calculate the greatest common factor of 416 and w.
26
Let t be 6 + -61*(-45)/5. Calculate the greatest common divisor of 15 and t.
15
Suppose -5*d = 337 - 417. Calculate the highest common factor of 1 and d.
1
Suppose -5*p = -u + 110, 5*p = -2*u + 207 + 13. Suppose -2*t - u = -352. Let i(g) = g**2 - 5. Let y be i(4). Calculate the greatest common divisor of t and y.
11
Suppose -2*x + 4*g - 4 = -0*g, 4*x + 4*g - 16 = 0. Let f(j) = j**2 + 90*j + 730. Let t be f(-9). Calculate the greatest common factor of x and t.
1
Suppose 6 = 2*y - 0. Let k be 202/2 - (6 - y). Suppose -4*q = -3*j + k, 0 = -3*j + 5*q + 59 + 38. What is the highest common factor of j and 51?
17
Let l = 31 + -16. Let d(n) = -n**3 - 7*n**2 + 7*n + 14. Let w be d(-5). Let b = w + 161. Calculate the greatest common divisor of l and b.
15
Let l = -1 + 4. Let v be ((-304)/6)/((-1)/l). Suppose -2*b + 3*m = -41, -4*b - 20*m + 73 = -17*m. What is the highest common divisor of b and v?
19
Let p = -2809 + 5641. What is the highest common divisor of p and 118?
118
Suppose 25 = -4*s - s, -2*s = 4*m - 214. What is the highest common factor of 14 and m?
14
Suppose -5*o + 610 = -5*f, -o + 3*f + 107 = -f. Let a = o - 78. What is the greatest common factor of a and 7?
7
Let s = -119 - -179. Suppose 10*x = 20*x - 200. Calculate the highest common factor of s and x.
20
Suppose -140 = 51*h - 56*h. Calculate the highest common factor of h and 7.
7
Let u(b) = -2*b**3 - 2*b**2 - 4*b - 4. Let c be u(-2). Suppose 0*z = z - 38. Let t be 7*(z/14 + -1). Calculate the greatest common factor of t and c.
12
Let f(r) = 2*r**2 - 2. Let k be f(1). Let b be 5*22 + 2 + k. What is the highest common divisor of b and 28?
28
Let h(s) = -39*s - 228. Let c be h(-6). What is the highest common divisor of c and 81?
3
Suppose 4*t + 3*w = t + 12, -w - 2 = -t. Calculate the greatest common divisor of t and 159.
3
Let l = 56 + 209. Calculate the highest common factor of 106 and l.
53
Suppose -2*l + 316 = y - 0*y, 484 = 3*l - y. Calculate the greatest common factor of 60 and l.
20
Suppose 0 = -4*j - 2*p + 108, -107 = -3*j + 5*p - 13. Let r = 60 + 10. Calculate the highest common divisor of r and j.
14
Let o(c) = 16*c + 1. Let m be o(1). Suppose m + 64 = a. Suppose 4*p - 4*k = 20, -48 = -0*p - 4*p - 3*k. Calculate the highest common divisor of p and a.
9
Let q(u) = u**2 - 8*u - 2. Suppose 45 + 0 = 5*i. Let z be q(i). What is the greatest common divisor of 14 and z?
7
Let h(d) = d**2 - 11*d + 50. Let s be h(3). Calculate the greatest common factor of 39 and s.
13
Let y(l) = 4*l**3 + 4*l**2 + 3*l + 1. Let t be y(-3). Let s = t - -88. What is the highest common divisor of s and 24?
8
Let n(b) = b**3 + 11*b**2 - 3*b + 10. Let i be n(-10). Suppose -10*v + 6*v = -i. What is the greatest common factor of 140 and v?
35
Let q(h) = 7*h**2 - 7*h + 13. Let z be q(2). Let r be 3 + 1 + (z - (0 - -4)). Calculate the greatest common divisor of r and 27.
27
Suppose -r + 10 = 2*c, 4*c - 4*r = 8*c - 24. What is the highest common divisor of c and 508?
4
Let c = 424 + -158. What is the greatest common factor of 152 and c?
38
Let y be 95/57 + (-15037)/(-3). Calculate the greatest common factor of 46 and y.
46
Suppose 1994*l - 330 = 1991*l. Calculate the greatest common divisor of l and 50.
10
Suppose -1032*h = -1041*h + 459. Calculate the highest common factor of 6 and h.
3
Let f = 763 - 745. What is the greatest common factor of 288 and f?
18
Let u be 4 + -4 - -31 - 4. What is the highest common divisor of u and 63?
9
Let c = -1004 + 1661. Calculate the highest common factor of c and 73.
73
Suppose -17 + 35 = 6*v. Suppose 4*j - w + 0 - 16 = 0, 0 = -j + 3*w + 15. Let f be v*8 + (6 - j). What is the greatest common factor of 18 and f?
9
Let j(c) = -100*c + 334. Let k be j(3). Suppose 4*f - 348 = -0*f + 2*u, 5*u + 20 = 0. Calculate the greatest common factor of k and f.
17
Let x(n) = n**3 - 2*n**2 - 4*n + 27. Let g be x(3). Let a be 7 - (-1)/(-2 + 3). What is the highest common factor of a and g?
8
Let v = 18 - 12. Suppose -1 = m - 5. Suppose 29 = m*a - u - 63, -a - 2*u = -32. What is the highest common factor of a and v?
6
Let t(v) = v**3 - 18*v**2 + 19*v - 30. Let x be t(17). Calculate the greatest common divisor of 13 and x.
1
Let c be 1/3 - (-55)/(-45)*-66. What is the highest common divisor of 6 and c?
3
Suppose -2*d = 4*x - x - 453, 2*x - 291 = -5*d. Suppose -18*u + x = -15*u. What is the greatest common factor of u and 459?
51
Suppose 6*l = 3*l. Let j = 11 - l. Suppose j - 36 = -5*s. Calculate the highest common divisor of 25 and s.
5
Let y = -5 + 9. Suppose 17*k - y*k - 78 = 0. What is the greatest common divisor of 12 and k?
6
Suppose 4*k + 5*q = 51, -k - 3*k + 4*q + 96 = 0. What is the highest common divisor of 3 and k?
1
Let p be (-43)/(-1) - 5/5*-4. What is the highest common divisor of 47 and p?
47
Let j(h) = h**3 - 9*h**2 + 15*h. Let o be j(7). Let c = 13 + o. Calculate the highest common factor of c and 4.
4
Let a = 520 + -232. Calculate the greatest common factor of 32 and a.
32
Let n(h) = -h**2 + 16. Let w be n(-5). Let a be (-29)/w + 4/(-18) - -42. What is the greatest common factor of 9 and a?
9
Let u(i) = 2*i + 25. Let z be u(-11). Suppose 284 = z*c + a, -3*c + a = 6*a - 280. Calculate the 